{"id":341,"date":"2026-03-30T15:28:43","date_gmt":"2026-03-30T15:28:43","guid":{"rendered":"https:\/\/hydro-bud.net.pl\/?page_id=341"},"modified":"2026-04-08T11:43:06","modified_gmt":"2026-04-08T11:43:06","slug":"konserwacja-i-utrzymanie-wod","status":"publish","type":"page","link":"https:\/\/hydro-bud.net.pl\/?page_id=341","title":{"rendered":"Konserwacja i Utrzymanie W\u00f3d"},"content":{"rendered":"\t\t<div data-elementor-type=\"wp-page\" data-elementor-id=\"341\" class=\"elementor elementor-341\" data-elementor-post-type=\"page\">\n\t\t\t\t<div class=\"elementor-element elementor-element-777a16b7 e-flex e-con-boxed e-con e-parent\" data-id=\"777a16b7\" data-element_type=\"container\" data-e-type=\"container\" data-settings=\"{&quot;background_background&quot;:&quot;gradient&quot;}\">\n\t\t\t\t\t<div class=\"e-con-inner\">\n\t\t<div class=\"elementor-element elementor-element-25e1a8d6 e-con-full e-flex e-con e-child\" data-id=\"25e1a8d6\" data-element_type=\"container\" data-e-type=\"container\" data-settings=\"{&quot;background_background&quot;:&quot;classic&quot;}\">\n\t\t<div class=\"elementor-element elementor-element-3a30b97f e-con-full e-flex e-con e-child\" data-id=\"3a30b97f\" data-element_type=\"container\" data-e-type=\"container\" data-settings=\"{&quot;background_background&quot;:&quot;classic&quot;}\">\n\t\t\t\t<\/div>\n\t\t<div class=\"elementor-element elementor-element-4e5717b9 e-con-full e-flex e-con e-child\" data-id=\"4e5717b9\" data-element_type=\"container\" data-e-type=\"container\">\n\t\t\t\t<div class=\"elementor-element elementor-element-624088c elementor-widget elementor-widget-heading\" data-id=\"624088c\" data-element_type=\"widget\" data-e-type=\"widget\" data-widget_type=\"heading.default\">\n\t\t\t\t\t<h1 class=\"elementor-heading-title elementor-size-default\">Konserwacja i Utrzymanie W\u00f3d\n<\/h1>\t\t\t\t<\/div>\n\t\t\t\t<div class=\"elementor-element elementor-element-229cd888 elementor-widget elementor-widget-text-editor\" data-id=\"229cd888\" data-element_type=\"widget\" data-e-type=\"widget\" data-widget_type=\"text-editor.default\">\n\t\t\t\t\t\t\t\t\t<p>Konserwacja i utrzymanie w\u00f3d wymagaj\u0105 regularnych, dobrze zaplanowanych dzia\u0142a\u0144, kt\u00f3re zapewniaj\u0105 dro\u017cno\u015b\u0107 ciek\u00f3w i prawid\u0142owe funkcjonowanie infrastruktury wodnej. Realizujemy prace ukierunkowane na zachowanie sprawno\u015bci technicznej obiekt\u00f3w oraz ograniczenie ryzyka podtopie\u0144, zaniedba\u0144 eksploatacyjnych i pogorszenia warunk\u00f3w przep\u0142ywu.<\/p><p>Zakres naszych us\u0142ug obejmuje wykaszanie i czyszczenie koryt rzecznych, a tak\u017ce remonty oraz konserwacj\u0119 budowli wodnych. Prowadzimy roboty terenowe i utrzymaniowe z naciskiem na dok\u0142adno\u015b\u0107, terminowo\u015b\u0107 i sprawn\u0105 organizacj\u0119 prac.<\/p>\t\t\t\t\t\t\t\t<\/div>\n\t\t\t\t<div class=\"elementor-element elementor-element-53c93b1e elementor-align-left elementor-widget elementor-widget-button\" data-id=\"53c93b1e\" data-element_type=\"widget\" data-e-type=\"widget\" data-widget_type=\"button.default\">\n\t\t\t\t\t\t\t\t\t\t<a class=\"elementor-button elementor-button-link elementor-size-sm\" href=\"tel:+48784992933\">\n\t\t\t\t\t\t<span class=\"elementor-button-content-wrapper\">\n\t\t\t\t\t\t\t\t\t<span class=\"elementor-button-text\">Zadzwo\u0144<\/span>\n\t\t\t\t\t<\/span>\n\t\t\t\t\t<\/a>\n\t\t\t\t\t\t\t\t<\/div>\n\t\t\t\t<\/div>\n\t\t\t\t<\/div>\n\t\t\t\t\t<\/div>\n\t\t\t\t<\/div>\n\t\t<div class=\"elementor-element elementor-element-6eaaaf06 e-flex e-con-boxed e-con e-parent\" data-id=\"6eaaaf06\" data-element_type=\"container\" data-e-type=\"container\">\n\t\t\t\t\t<div class=\"e-con-inner\">\n\t\t<div class=\"elementor-element elementor-element-6e2c61e2 e-con-full e-flex e-con e-child\" data-id=\"6e2c61e2\" data-element_type=\"container\" data-e-type=\"container\" data-settings=\"{&quot;background_background&quot;:&quot;classic&quot;}\">\n\t\t\t\t<div class=\"elementor-element elementor-element-160e8616 elementor-widget elementor-widget-heading\" data-id=\"160e8616\" data-element_type=\"widget\" data-e-type=\"widget\" data-widget_type=\"heading.default\">\n\t\t\t\t\t<h3 class=\"elementor-heading-title elementor-size-default\"> DO\u015aWIADCZENIE <\/h3>\t\t\t\t<\/div>\n\t\t\t\t<div class=\"elementor-element elementor-element-67b1ab60 elementor-widget elementor-widget-text-editor\" data-id=\"67b1ab60\" data-element_type=\"widget\" data-e-type=\"widget\" data-widget_type=\"text-editor.default\">\n\t\t\t\t\t\t\t\t\t<p>Posiadamy do\u015bwiadczenie w realizacji prac utrzymaniowych zwi\u0105zanych z ciekami oraz budowlami wodnymi. Wykonujemy roboty wymagaj\u0105ce dobrej organizacji, odpowiedniego sprz\u0119tu i sprawnego dzia\u0142ania w zr\u00f3\u017cnicowanych warunkach terenowych.<\/p>\t\t\t\t\t\t\t\t<\/div>\n\t\t\t\t<\/div>\n\t\t<div class=\"elementor-element elementor-element-371938aa e-con-full e-flex e-con e-child\" data-id=\"371938aa\" data-element_type=\"container\" data-e-type=\"container\" data-settings=\"{&quot;background_background&quot;:&quot;classic&quot;}\">\n\t\t\t\t<div class=\"elementor-element elementor-element-7d31a167 elementor-widget elementor-widget-heading\" data-id=\"7d31a167\" data-element_type=\"widget\" data-e-type=\"widget\" data-widget_type=\"heading.default\">\n\t\t\t\t\t<h2 class=\"elementor-heading-title elementor-size-default\">JAKO\u015a\u0106<\/h2>\t\t\t\t<\/div>\n\t\t\t\t<div class=\"elementor-element elementor-element-cd2f3e elementor-widget elementor-widget-text-editor\" data-id=\"cd2f3e\" data-element_type=\"widget\" data-e-type=\"widget\" data-widget_type=\"text-editor.default\">\n\t\t\t\t\t\t\t\t\t<p>Stawiamy na rzetelne wykonanie, przejrzysty zakres prac i trwa\u0142y efekt u\u017cytkowy. Ka\u017cde zlecenie prowadzimy z dba\u0142o\u015bci\u0105 o stan techniczny obiektu, dro\u017cno\u015b\u0107 cieku oraz porz\u0105dek na terenie realizacji.<\/p>\t\t\t\t\t\t\t\t<\/div>\n\t\t\t\t<\/div>\n\t\t\t\t\t<\/div>\n\t\t\t\t<\/div>\n\t\t<div class=\"elementor-element elementor-element-38bdc311 e-flex e-con-boxed e-con e-parent\" data-id=\"38bdc311\" data-element_type=\"container\" data-e-type=\"container\">\n\t\t\t\t\t<div class=\"e-con-inner\">\n\t\t\t\t<div class=\"elementor-element elementor-element-90e49b8 elementor-widget elementor-widget-heading\" data-id=\"90e49b8\" data-element_type=\"widget\" data-e-type=\"widget\" data-widget_type=\"heading.default\">\n\t\t\t\t\t<h2 class=\"elementor-heading-title elementor-size-default\">NASZA OFERTA OBEJMUJE KLUCZOWE PRACE W ZAKRESIE KONSERWACJI I UTRZYMANIA W\u00d3D<\/h2>\t\t\t\t<\/div>\n\t\t\t\t\t<\/div>\n\t\t\t\t<\/div>\n\t\t<div class=\"elementor-element elementor-element-26230345 e-flex e-con-boxed e-con e-parent\" data-id=\"26230345\" data-element_type=\"container\" data-e-type=\"container\">\n\t\t\t\t\t<div class=\"e-con-inner\">\n\t\t<div class=\"elementor-element elementor-element-2df0b628 e-con-full e-flex e-con e-child\" data-id=\"2df0b628\" data-element_type=\"container\" data-e-type=\"container\" data-settings=\"{&quot;background_background&quot;:&quot;classic&quot;}\">\n\t\t\t\t<div class=\"elementor-element elementor-element-ffb8924 elementor-widget elementor-widget-heading\" data-id=\"ffb8924\" data-element_type=\"widget\" data-e-type=\"widget\" data-widget_type=\"heading.default\">\n\t\t\t\t\t<h3 class=\"elementor-heading-title elementor-size-default\"><a href=\"https:\/\/hydro-bud.net.pl\/?page_id=321\">Wykaszanie i czyszczenie koryt rzecznych\n<\/a><\/h3>\t\t\t\t<\/div>\n\t\t\t\t<div class=\"elementor-element elementor-element-27140bd7 elementor-align-center elementor-widget elementor-widget-button\" data-id=\"27140bd7\" data-element_type=\"widget\" data-e-type=\"widget\" data-widget_type=\"button.default\">\n\t\t\t\t\t\t\t\t\t\t<a class=\"elementor-button elementor-button-link elementor-size-sm\" href=\"https:\/\/hydro-bud.net.pl\/?page_id=321\">\n\t\t\t\t\t\t<span class=\"elementor-button-content-wrapper\">\n\t\t\t\t\t\t\t\t\t<span class=\"elementor-button-text\">Sprawd\u017a ofert\u0119<\/span>\n\t\t\t\t\t<\/span>\n\t\t\t\t\t<\/a>\n\t\t\t\t\t\t\t\t<\/div>\n\t\t\t\t<\/div>\n\t\t<div class=\"elementor-element elementor-element-1a2e7800 e-con-full e-flex e-con e-child\" data-id=\"1a2e7800\" data-element_type=\"container\" data-e-type=\"container\">\n\t\t\t\t<div class=\"elementor-element elementor-element-3c00a04b elementor-widget elementor-widget-image\" data-id=\"3c00a04b\" data-element_type=\"widget\" data-e-type=\"widget\" data-widget_type=\"image.default\">\n\t\t\t\t\t\t\t\t\t\t\t\t\t\t\t<img decoding=\"async\" src=\"https:\/\/hydro-bud.net.pl\/wp-content\/uploads\/elementor\/thumbs\/IMG_1798-rlpc2rea3l3z3ga8yzs3ym6zqoki92ieo4jselukl4.jpg\" title=\"IMG_1798\" alt=\"IMG_1798\" loading=\"lazy\" \/>\t\t\t\t\t\t\t\t\t\t\t\t\t\t\t<\/div>\n\t\t\t\t<\/div>\n\t\t<div class=\"elementor-element elementor-element-581a8f74 e-con-full e-flex e-con e-child\" data-id=\"581a8f74\" data-element_type=\"container\" data-e-type=\"container\" data-settings=\"{&quot;background_background&quot;:&quot;classic&quot;}\">\n\t\t\t\t<div class=\"elementor-element elementor-element-16b595fe elementor-widget elementor-widget-heading\" data-id=\"16b595fe\" data-element_type=\"widget\" data-e-type=\"widget\" data-widget_type=\"heading.default\">\n\t\t\t\t\t<h3 class=\"elementor-heading-title elementor-size-default\"><a href=\"https:\/\/hydro-bud.net.pl\/?page_id=329\">Remonty I Konserwacja Budowli Wodnych\n<\/a><\/h3>\t\t\t\t<\/div>\n\t\t\t\t<div class=\"elementor-element elementor-element-3b2741a7 elementor-align-center elementor-widget elementor-widget-button\" data-id=\"3b2741a7\" data-element_type=\"widget\" data-e-type=\"widget\" data-widget_type=\"button.default\">\n\t\t\t\t\t\t\t\t\t\t<a class=\"elementor-button elementor-button-link elementor-size-sm\" href=\"https:\/\/hydro-bud.net.pl\/?page_id=329\">\n\t\t\t\t\t\t<span class=\"elementor-button-content-wrapper\">\n\t\t\t\t\t\t\t\t\t<span class=\"elementor-button-text\">Sprawd\u017a ofert\u0119<\/span>\n\t\t\t\t\t<\/span>\n\t\t\t\t\t<\/a>\n\t\t\t\t\t\t\t\t<\/div>\n\t\t\t\t<\/div>\n\t\t\t\t\t<\/div>\n\t\t\t\t<\/div>\n\t\t<div class=\"elementor-element elementor-element-5beaf2d1 e-flex e-con-boxed e-con e-parent\" data-id=\"5beaf2d1\" data-element_type=\"container\" data-e-type=\"container\">\n\t\t\t\t\t<div class=\"e-con-inner\">\n\t\t\t\t<div class=\"elementor-element elementor-element-30a9ac0a elementor-widget elementor-widget-heading\" data-id=\"30a9ac0a\" data-element_type=\"widget\" data-e-type=\"widget\" data-widget_type=\"heading.default\">\n\t\t\t\t\t<h2 class=\"elementor-heading-title elementor-size-default\">DO\u015aWIADCZENIE I SPECJALISTYCZNE WYKONAWSTWO<\/h2>\t\t\t\t<\/div>\n\t\t\t\t<div class=\"elementor-element elementor-element-1147ec14 elementor-widget elementor-widget-text-editor\" data-id=\"1147ec14\" data-element_type=\"widget\" data-e-type=\"widget\" data-widget_type=\"text-editor.default\">\n\t\t\t\t\t\t\t\t\t<p>Nasze kompetencje opieraj\u0105 si\u0119 na praktyce w prowadzeniu prac utrzymaniowych oraz konserwacyjnych przy ciekach i obiektach wodnych. Wykonujemy roboty, kt\u00f3rych celem jest poprawa dro\u017cno\u015bci, zachowanie w\u0142a\u015bciwego stanu technicznego oraz ograniczenie skutk\u00f3w zaniedba\u0144 eksploatacyjnych.<\/p>\t\t\t\t\t\t\t\t<\/div>\n\t\t\t\t\t<\/div>\n\t\t\t\t<\/div>\n\t\t<div class=\"elementor-element elementor-element-55e43d6b e-flex e-con-boxed e-con e-parent\" data-id=\"55e43d6b\" data-element_type=\"container\" data-e-type=\"container\">\n\t\t\t\t\t<div class=\"e-con-inner\">\n\t\t<div class=\"elementor-element elementor-element-7a65fa1c e-con-full e-flex e-con e-child\" data-id=\"7a65fa1c\" data-element_type=\"container\" data-e-type=\"container\" data-settings=\"{&quot;background_background&quot;:&quot;classic&quot;}\">\n\t\t\t\t<div class=\"elementor-element elementor-element-4da647d elementor-position-top elementor-widget elementor-widget-image-box\" data-id=\"4da647d\" data-element_type=\"widget\" data-e-type=\"widget\" data-widget_type=\"image-box.default\">\n\t\t\t\t\t<div class=\"elementor-image-box-wrapper\"><figure class=\"elementor-image-box-img\"><img decoding=\"async\" width=\"150\" height=\"150\" src=\"https:\/\/hydro-bud.net.pl\/wp-content\/uploads\/2026\/03\/KNOWHOW-150x150.png\" class=\"attachment-thumbnail size-thumbnail wp-image-83\" alt=\"\" \/><\/figure><div class=\"elementor-image-box-content\"><h3 class=\"elementor-image-box-title\">SPECJALISTYCZNE <br>KNOW-HOW<\/h3><p class=\"elementor-image-box-description\">\u0141\u0105czymy do\u015bwiadczenie terenowe z praktyczn\u0105 wiedz\u0105 w zakresie utrzymania ciek\u00f3w, czyszczenia koryt rzecznych oraz konserwacji budowli wodnych.<\/p><\/div><\/div>\t\t\t\t<\/div>\n\t\t\t\t<\/div>\n\t\t<div class=\"elementor-element elementor-element-5719f6ee e-con-full e-flex e-con e-child\" data-id=\"5719f6ee\" data-element_type=\"container\" data-e-type=\"container\" data-settings=\"{&quot;background_background&quot;:&quot;classic&quot;}\">\n\t\t\t\t<div class=\"elementor-element elementor-element-30d8ddad elementor-position-top elementor-widget elementor-widget-image-box\" data-id=\"30d8ddad\" data-element_type=\"widget\" data-e-type=\"widget\" data-widget_type=\"image-box.default\">\n\t\t\t\t\t<div class=\"elementor-image-box-wrapper\"><figure class=\"elementor-image-box-img\"><img decoding=\"async\" width=\"150\" height=\"150\" src=\"https:\/\/hydro-bud.net.pl\/wp-content\/uploads\/2026\/03\/SPradzone-150x150.png\" class=\"attachment-thumbnail size-thumbnail wp-image-82\" alt=\"\" \/><\/figure><div class=\"elementor-image-box-content\"><h3 class=\"elementor-image-box-title\">BEZPIECZE\u0143STWO I RZETELNO\u015a\u0106<br><br><\/h3><p class=\"elementor-image-box-description\">Realizujemy zlecenia z naciskiem na terminowo\u015b\u0107, w\u0142a\u015bciwe przygotowanie rob\u00f3t i sprawne prowadzenie prac utrzymaniowych w terenie.<\/p><\/div><\/div>\t\t\t\t<\/div>\n\t\t\t\t<\/div>\n\t\t<div class=\"elementor-element elementor-element-538a7196 e-con-full e-flex e-con e-child\" data-id=\"538a7196\" data-element_type=\"container\" data-e-type=\"container\" data-settings=\"{&quot;background_background&quot;:&quot;classic&quot;}\">\n\t\t\t\t<div class=\"elementor-element elementor-element-1782a7e9 elementor-position-top elementor-widget elementor-widget-image-box\" data-id=\"1782a7e9\" data-element_type=\"widget\" data-e-type=\"widget\" data-widget_type=\"image-box.default\">\n\t\t\t\t\t<div class=\"elementor-image-box-wrapper\"><figure class=\"elementor-image-box-img\"><img decoding=\"async\" width=\"150\" height=\"150\" src=\"https:\/\/hydro-bud.net.pl\/wp-content\/uploads\/2026\/03\/Materce-150x150.png\" class=\"attachment-thumbnail size-thumbnail wp-image-81\" alt=\"\" \/><\/figure><div class=\"elementor-image-box-content\"><h3 class=\"elementor-image-box-title\">SPRAWDZONE ZAPLECZE WYKONAWCZE<\/h3><p class=\"elementor-image-box-description\">Dysponujemy zapleczem umo\u017cliwiaj\u0105cym sprawn\u0105 realizacj\u0119 rob\u00f3t zwi\u0105zanych z utrzymaniem ciek\u00f3w, usuwaniem namu\u0142u i ro\u015blinno\u015bci oraz bie\u017c\u0105c\u0105 konserwacj\u0105 obiekt\u00f3w wodnych.<\/p><\/div><\/div>\t\t\t\t<\/div>\n\t\t\t\t<\/div>\n\t\t\t\t\t<\/div>\n\t\t\t\t<\/div>\n\t\t<div class=\"elementor-element elementor-element-40b72d98 e-flex e-con-boxed e-con e-parent\" data-id=\"40b72d98\" data-element_type=\"container\" data-e-type=\"container\" data-settings=\"{&quot;background_background&quot;:&quot;classic&quot;}\">\n\t\t\t\t\t<div class=\"e-con-inner\">\n\t\t<div class=\"elementor-element elementor-element-36e6e264 e-con-full e-flex e-con e-child\" data-id=\"36e6e264\" data-element_type=\"container\" data-e-type=\"container\">\n\t\t\t\t<div class=\"elementor-element elementor-element-31544768 elementor-widget elementor-widget-heading\" data-id=\"31544768\" data-element_type=\"widget\" data-e-type=\"widget\" data-widget_type=\"heading.default\">\n\t\t\t\t\t<h2 class=\"elementor-heading-title elementor-size-default\">POTRZEBUJESZ WSPARCIA W ZAKRESIE UTRZYMANIA CIEK\u00d3W LUB KONSERWACJI BUDOWLI WODNYCH? SPRAWD\u0179, JAK MO\u017bEMY POM\u00d3C W REALIZACJI TWOJEGO ZLECENIA.<\/h2>\t\t\t\t<\/div>\n\t\t\t\t<\/div>\n\t\t<div class=\"elementor-element elementor-element-61955c2d e-con-full e-flex e-con e-child\" data-id=\"61955c2d\" data-element_type=\"container\" data-e-type=\"container\">\n\t\t\t\t<div class=\"elementor-element elementor-element-24e3032e elementor-align-center elementor-widget elementor-widget-button\" data-id=\"24e3032e\" data-element_type=\"widget\" data-e-type=\"widget\" data-widget_type=\"button.default\">\n\t\t\t\t\t\t\t\t\t\t<a class=\"elementor-button elementor-button-link elementor-size-sm\" href=\"https:\/\/hydro-bud.net.pl\/?page_id=122\">\n\t\t\t\t\t\t<span class=\"elementor-button-content-wrapper\">\n\t\t\t\t\t\t\t\t\t<span class=\"elementor-button-text\">Kontakt<\/span>\n\t\t\t\t\t<\/span>\n\t\t\t\t\t<\/a>\n\t\t\t\t\t\t\t\t<\/div>\n\t\t\t\t<\/div>\n\t\t\t\t\t<\/div>\n\t\t\t\t<\/div>\n\t\t\t\t<\/div>\n\t\t","protected":false},"excerpt":{"rendered":"<p>Konserwacja i Utrzymanie W\u00f3d Konserwacja i utrzymanie w\u00f3d wymagaj\u0105 regularnych, dobrze zaplanowanych dzia\u0142a\u0144, kt\u00f3re zapewniaj\u0105 dro\u017cno\u015b\u0107 ciek\u00f3w i prawid\u0142owe funkcjonowanie infrastruktury wodnej. Realizujemy prace ukierunkowane na zachowanie sprawno\u015bci technicznej obiekt\u00f3w oraz ograniczenie ryzyka podtopie\u0144, zaniedba\u0144 eksploatacyjnych i pogorszenia warunk\u00f3w przep\u0142ywu. Zakres naszych us\u0142ug obejmuje wykaszanie i czyszczenie koryt rzecznych, a tak\u017ce remonty oraz konserwacj\u0119 budowli [&hellip;]<\/p>\n","protected":false},"author":1,"featured_media":0,"parent":0,"menu_order":0,"comment_status":"closed","ping_status":"closed","template":"","meta":{"footnotes":""},"class_list":["post-341","page","type-page","status-publish","hentry"],"yoast_head":"<!-- This site is optimized with the Yoast SEO plugin v27.2 - https:\/\/yoast.com\/product\/yoast-seo-wordpress\/ -->\n<title>Konserwacja i Utrzymanie W\u00f3d - Hydro-Bud Mateusz Malinowski<\/title>\n<meta name=\"robots\" content=\"index, follow, max-snippet:-1, max-image-preview:large, max-video-preview:-1\" \/>\n<link rel=\"canonical\" href=\"https:\/\/hydro-bud.net.pl\/?page_id=341\" \/>\n<meta property=\"og:locale\" content=\"pl_PL\" \/>\n<meta property=\"og:type\" content=\"article\" \/>\n<meta property=\"og:title\" content=\"Konserwacja i Utrzymanie W\u00f3d - Hydro-Bud Mateusz Malinowski\" \/>\n<meta property=\"og:description\" content=\"Konserwacja i Utrzymanie W\u00f3d Konserwacja i utrzymanie w\u00f3d wymagaj\u0105 regularnych, dobrze zaplanowanych dzia\u0142a\u0144, kt\u00f3re zapewniaj\u0105 dro\u017cno\u015b\u0107 ciek\u00f3w i prawid\u0142owe funkcjonowanie infrastruktury wodnej. Realizujemy prace ukierunkowane na zachowanie sprawno\u015bci technicznej obiekt\u00f3w oraz ograniczenie ryzyka podtopie\u0144, zaniedba\u0144 eksploatacyjnych i pogorszenia warunk\u00f3w przep\u0142ywu. Zakres naszych us\u0142ug obejmuje wykaszanie i czyszczenie koryt rzecznych, a tak\u017ce remonty oraz konserwacj\u0119 budowli [&hellip;]\" \/>\n<meta property=\"og:url\" content=\"https:\/\/hydro-bud.net.pl\/?page_id=341\" \/>\n<meta property=\"og:site_name\" content=\"Hydro-Bud Mateusz Malinowski\" \/>\n<meta property=\"article:modified_time\" content=\"2026-04-08T11:43:06+00:00\" \/>\n<meta property=\"og:image\" content=\"https:\/\/hydro-bud.net.pl\/wp-content\/uploads\/elementor\/thumbs\/IMG_1798-rlpc2rea3l3z3ga8yzs3ym6zqoki92ieo4jselukl4.jpg\" \/>\n<meta name=\"twitter:card\" content=\"summary_large_image\" \/>\n<meta name=\"twitter:label1\" content=\"Szacowany czas czytania\" \/>\n\t<meta name=\"twitter:data1\" content=\"3 minuty\" \/>\n<script type=\"application\/ld+json\" class=\"yoast-schema-graph\">{\"@context\":\"https:\/\/schema.org\",\"@graph\":[{\"@type\":\"WebPage\",\"@id\":\"https:\/\/hydro-bud.net.pl\/?page_id=341\",\"url\":\"https:\/\/hydro-bud.net.pl\/?page_id=341\",\"name\":\"Konserwacja i Utrzymanie W\u00f3d - Hydro-Bud Mateusz Malinowski\",\"isPartOf\":{\"@id\":\"https:\/\/hydro-bud.net.pl\/#website\"},\"primaryImageOfPage\":{\"@id\":\"https:\/\/hydro-bud.net.pl\/?page_id=341#primaryimage\"},\"image\":{\"@id\":\"https:\/\/hydro-bud.net.pl\/?page_id=341#primaryimage\"},\"thumbnailUrl\":\"https:\/\/hydro-bud.net.pl\/wp-content\/uploads\/elementor\/thumbs\/IMG_1798-rlpc2rea3l3z3ga8yzs3ym6zqoki92ieo4jselukl4.jpg\",\"datePublished\":\"2026-03-30T15:28:43+00:00\",\"dateModified\":\"2026-04-08T11:43:06+00:00\",\"breadcrumb\":{\"@id\":\"https:\/\/hydro-bud.net.pl\/?page_id=341#breadcrumb\"},\"inLanguage\":\"pl-PL\",\"potentialAction\":[{\"@type\":\"ReadAction\",\"target\":[\"https:\/\/hydro-bud.net.pl\/?page_id=341\"]}]},{\"@type\":\"ImageObject\",\"inLanguage\":\"pl-PL\",\"@id\":\"https:\/\/hydro-bud.net.pl\/?page_id=341#primaryimage\",\"url\":\"https:\/\/hydro-bud.net.pl\/wp-content\/uploads\/elementor\/thumbs\/IMG_1798-rlpc2rea3l3z3ga8yzs3ym6zqoki92ieo4jselukl4.jpg\",\"contentUrl\":\"https:\/\/hydro-bud.net.pl\/wp-content\/uploads\/elementor\/thumbs\/IMG_1798-rlpc2rea3l3z3ga8yzs3ym6zqoki92ieo4jselukl4.jpg\"},{\"@type\":\"BreadcrumbList\",\"@id\":\"https:\/\/hydro-bud.net.pl\/?page_id=341#breadcrumb\",\"itemListElement\":[{\"@type\":\"ListItem\",\"position\":1,\"name\":\"Strona g\u0142\u00f3wna\",\"item\":\"https:\/\/hydro-bud.net.pl\/\"},{\"@type\":\"ListItem\",\"position\":2,\"name\":\"Konserwacja i Utrzymanie W\u00f3d\"}]},{\"@type\":\"WebSite\",\"@id\":\"https:\/\/hydro-bud.net.pl\/#website\",\"url\":\"https:\/\/hydro-bud.net.pl\/\",\"name\":\"Hydro-Bud Mateusz Malinowski\",\"description\":\"\",\"publisher\":{\"@id\":\"https:\/\/hydro-bud.net.pl\/#organization\"},\"potentialAction\":[{\"@type\":\"SearchAction\",\"target\":{\"@type\":\"EntryPoint\",\"urlTemplate\":\"https:\/\/hydro-bud.net.pl\/?s={search_term_string}\"},\"query-input\":{\"@type\":\"PropertyValueSpecification\",\"valueRequired\":true,\"valueName\":\"search_term_string\"}}],\"inLanguage\":\"pl-PL\"},{\"@type\":\"Organization\",\"@id\":\"https:\/\/hydro-bud.net.pl\/#organization\",\"name\":\"Hydro-Bud Mateusz Malinowski\",\"url\":\"https:\/\/hydro-bud.net.pl\/\",\"logo\":{\"@type\":\"ImageObject\",\"inLanguage\":\"pl-PL\",\"@id\":\"https:\/\/hydro-bud.net.pl\/#\/schema\/logo\/image\/\",\"url\":\"https:\/\/hydro-bud.net.pl\/wp-content\/uploads\/2026\/03\/HYDRO-BUD-1.png\",\"contentUrl\":\"https:\/\/hydro-bud.net.pl\/wp-content\/uploads\/2026\/03\/HYDRO-BUD-1.png\",\"width\":500,\"height\":500,\"caption\":\"Hydro-Bud Mateusz Malinowski\"},\"image\":{\"@id\":\"https:\/\/hydro-bud.net.pl\/#\/schema\/logo\/image\/\"}}]}<\/script>\n<!-- \/ Yoast SEO plugin. -->","yoast_head_json":{"title":"Konserwacja i Utrzymanie W\u00f3d - Hydro-Bud Mateusz Malinowski","robots":{"index":"index","follow":"follow","max-snippet":"max-snippet:-1","max-image-preview":"max-image-preview:large","max-video-preview":"max-video-preview:-1"},"canonical":"https:\/\/hydro-bud.net.pl\/?page_id=341","og_locale":"pl_PL","og_type":"article","og_title":"Konserwacja i Utrzymanie W\u00f3d - Hydro-Bud Mateusz Malinowski","og_description":"Konserwacja i Utrzymanie W\u00f3d Konserwacja i utrzymanie w\u00f3d wymagaj\u0105 regularnych, dobrze zaplanowanych dzia\u0142a\u0144, kt\u00f3re zapewniaj\u0105 dro\u017cno\u015b\u0107 ciek\u00f3w i prawid\u0142owe funkcjonowanie infrastruktury wodnej. Realizujemy prace ukierunkowane na zachowanie sprawno\u015bci technicznej obiekt\u00f3w oraz ograniczenie ryzyka podtopie\u0144, zaniedba\u0144 eksploatacyjnych i pogorszenia warunk\u00f3w przep\u0142ywu. Zakres naszych us\u0142ug obejmuje wykaszanie i czyszczenie koryt rzecznych, a tak\u017ce remonty oraz konserwacj\u0119 budowli [&hellip;]","og_url":"https:\/\/hydro-bud.net.pl\/?page_id=341","og_site_name":"Hydro-Bud Mateusz Malinowski","article_modified_time":"2026-04-08T11:43:06+00:00","og_image":[{"url":"https:\/\/hydro-bud.net.pl\/wp-content\/uploads\/elementor\/thumbs\/IMG_1798-rlpc2rea3l3z3ga8yzs3ym6zqoki92ieo4jselukl4.jpg","type":"","width":"","height":""}],"twitter_card":"summary_large_image","twitter_misc":{"Szacowany czas czytania":"3 minuty"},"schema":{"@context":"https:\/\/schema.org","@graph":[{"@type":"WebPage","@id":"https:\/\/hydro-bud.net.pl\/?page_id=341","url":"https:\/\/hydro-bud.net.pl\/?page_id=341","name":"Konserwacja i Utrzymanie W\u00f3d - Hydro-Bud Mateusz Malinowski","isPartOf":{"@id":"https:\/\/hydro-bud.net.pl\/#website"},"primaryImageOfPage":{"@id":"https:\/\/hydro-bud.net.pl\/?page_id=341#primaryimage"},"image":{"@id":"https:\/\/hydro-bud.net.pl\/?page_id=341#primaryimage"},"thumbnailUrl":"https:\/\/hydro-bud.net.pl\/wp-content\/uploads\/elementor\/thumbs\/IMG_1798-rlpc2rea3l3z3ga8yzs3ym6zqoki92ieo4jselukl4.jpg","datePublished":"2026-03-30T15:28:43+00:00","dateModified":"2026-04-08T11:43:06+00:00","breadcrumb":{"@id":"https:\/\/hydro-bud.net.pl\/?page_id=341#breadcrumb"},"inLanguage":"pl-PL","potentialAction":[{"@type":"ReadAction","target":["https:\/\/hydro-bud.net.pl\/?page_id=341"]}]},{"@type":"ImageObject","inLanguage":"pl-PL","@id":"https:\/\/hydro-bud.net.pl\/?page_id=341#primaryimage","url":"https:\/\/hydro-bud.net.pl\/wp-content\/uploads\/elementor\/thumbs\/IMG_1798-rlpc2rea3l3z3ga8yzs3ym6zqoki92ieo4jselukl4.jpg","contentUrl":"https:\/\/hydro-bud.net.pl\/wp-content\/uploads\/elementor\/thumbs\/IMG_1798-rlpc2rea3l3z3ga8yzs3ym6zqoki92ieo4jselukl4.jpg"},{"@type":"BreadcrumbList","@id":"https:\/\/hydro-bud.net.pl\/?page_id=341#breadcrumb","itemListElement":[{"@type":"ListItem","position":1,"name":"Strona g\u0142\u00f3wna","item":"https:\/\/hydro-bud.net.pl\/"},{"@type":"ListItem","position":2,"name":"Konserwacja i Utrzymanie W\u00f3d"}]},{"@type":"WebSite","@id":"https:\/\/hydro-bud.net.pl\/#website","url":"https:\/\/hydro-bud.net.pl\/","name":"Hydro-Bud Mateusz Malinowski","description":"","publisher":{"@id":"https:\/\/hydro-bud.net.pl\/#organization"},"potentialAction":[{"@type":"SearchAction","target":{"@type":"EntryPoint","urlTemplate":"https:\/\/hydro-bud.net.pl\/?s={search_term_string}"},"query-input":{"@type":"PropertyValueSpecification","valueRequired":true,"valueName":"search_term_string"}}],"inLanguage":"pl-PL"},{"@type":"Organization","@id":"https:\/\/hydro-bud.net.pl\/#organization","name":"Hydro-Bud Mateusz Malinowski","url":"https:\/\/hydro-bud.net.pl\/","logo":{"@type":"ImageObject","inLanguage":"pl-PL","@id":"https:\/\/hydro-bud.net.pl\/#\/schema\/logo\/image\/","url":"https:\/\/hydro-bud.net.pl\/wp-content\/uploads\/2026\/03\/HYDRO-BUD-1.png","contentUrl":"https:\/\/hydro-bud.net.pl\/wp-content\/uploads\/2026\/03\/HYDRO-BUD-1.png","width":500,"height":500,"caption":"Hydro-Bud Mateusz Malinowski"},"image":{"@id":"https:\/\/hydro-bud.net.pl\/#\/schema\/logo\/image\/"}}]}},"_links":{"self":[{"href":"https:\/\/hydro-bud.net.pl\/index.php?rest_route=\/wp\/v2\/pages\/341","targetHints":{"allow":["GET"]}}],"collection":[{"href":"https:\/\/hydro-bud.net.pl\/index.php?rest_route=\/wp\/v2\/pages"}],"about":[{"href":"https:\/\/hydro-bud.net.pl\/index.php?rest_route=\/wp\/v2\/types\/page"}],"author":[{"embeddable":true,"href":"https:\/\/hydro-bud.net.pl\/index.php?rest_route=\/wp\/v2\/users\/1"}],"replies":[{"embeddable":true,"href":"https:\/\/hydro-bud.net.pl\/index.php?rest_route=%2Fwp%2Fv2%2Fcomments&post=341"}],"version-history":[{"count":10,"href":"https:\/\/hydro-bud.net.pl\/index.php?rest_route=\/wp\/v2\/pages\/341\/revisions"}],"predecessor-version":[{"id":579,"href":"https:\/\/hydro-bud.net.pl\/index.php?rest_route=\/wp\/v2\/pages\/341\/revisions\/579"}],"wp:attachment":[{"href":"https:\/\/hydro-bud.net.pl\/index.php?rest_route=%2Fwp%2Fv2%2Fmedia&parent=341"}],"curies":[{"name":"wp","href":"https:\/\/api.w.org\/{rel}","templated":true}]}}